{"id":1697,"date":"2024-03-27T04:28:06","date_gmt":"2024-03-27T04:28:06","guid":{"rendered":"https:\/\/maujservices.com\/?page_id=1697"},"modified":"2025-11-03T13:08:03","modified_gmt":"2025-11-03T13:08:03","slug":"mauj-security","status":"publish","type":"page","link":"https:\/\/maujservices.com\/index.php\/mauj-security\/","title":{"rendered":"V\u00e9hicules &amp; Pi\u00e8ces d\u00e9tach\u00e9es"},"content":{"rendered":"\t\t<div data-elementor-type=\"wp-page\" data-elementor-id=\"1697\" class=\"elementor elementor-1697\">\n\t\t\t\t\t\t<section class=\"elementor-section elementor-top-section elementor-element elementor-element-1e5756c elementor-section-content-middle elementor-reverse-mobile elementor-section-boxed elementor-section-height-default elementor-section-height-default\" data-id=\"1e5756c\" data-element_type=\"section\" data-e-type=\"section\">\n\t\t\t\t\t\t<div class=\"elementor-container elementor-column-gap-narrow\">\n\t\t\t\t\t<div class=\"elementor-column elementor-col-50 elementor-top-column elementor-element elementor-element-876690f\" data-id=\"876690f\" data-element_type=\"column\" data-e-type=\"column\">\n\t\t\t<div class=\"elementor-widget-wrap elementor-element-populated\">\n\t\t\t\t\t\t<div class=\"elementor-element elementor-element-5f58e58 elementor-widget__width-initial elementor-widget elementor-widget-heading\" data-id=\"5f58e58\" data-element_type=\"widget\" data-e-type=\"widget\" data-widget_type=\"heading.default\">\n\t\t\t\t<div class=\"elementor-widget-container\">\n\t\t\t\t\t<h4 class=\"elementor-heading-title elementor-size-default\">Des pi\u00e8ces Jetour pour une performance durable<\/h4>\t\t\t\t<\/div>\n\t\t\t\t<\/div>\n\t\t\t\t<div class=\"elementor-element elementor-element-fb79124 elementor-widget__width-initial elementor-widget elementor-widget-text-editor\" data-id=\"fb79124\" data-element_type=\"widget\" data-e-type=\"widget\" data-widget_type=\"text-editor.default\">\n\t\t\t\t<div class=\"elementor-widget-container\">\n\t\t\t\t\t\t\t\t\t<p>Chez nous, la mobilit\u00e9 rime avec <strong data-start=\"684\" data-end=\"731\">s\u00e9curit\u00e9, fiabilit\u00e9 et excellence m\u00e9canique<\/strong>.<br data-start=\"732\" data-end=\"735\" \/>Nous proposons une large s\u00e9lection de <strong data-start=\"773\" data-end=\"825\">pi\u00e8ces d\u00e9tach\u00e9es et accessoires d\u2019origine Jetour<\/strong>, soigneusement s\u00e9lectionn\u00e9es pour garantir la <strong data-start=\"872\" data-end=\"917\">performance, la durabilit\u00e9 et la s\u00e9curit\u00e9<\/strong> de votre v\u00e9hicule.<\/p>\t\t\t\t\t\t\t\t<\/div>\n\t\t\t\t<\/div>\n\t\t\t\t\t<\/div>\n\t\t<\/div>\n\t\t\t\t<div class=\"elementor-column elementor-col-50 elementor-top-column elementor-element elementor-element-e44ada8\" data-id=\"e44ada8\" data-element_type=\"column\" data-e-type=\"column\">\n\t\t\t<div class=\"elementor-widget-wrap elementor-element-populated\">\n\t\t\t\t\t\t<div class=\"elementor-element elementor-element-ff3f71c elementor-widget__width-initial elementor-widget elementor-widget-image\" data-id=\"ff3f71c\" data-element_type=\"widget\" data-e-type=\"widget\" data-widget_type=\"image.default\">\n\t\t\t\t<div class=\"elementor-widget-container\">\n\t\t\t\t\t\t\t\t\t\t\t\t\t\t\t<img fetchpriority=\"high\" decoding=\"async\" width=\"1536\" height=\"1536\" src=\"https:\/\/maujservices.com\/wp-content\/uploads\/2025\/10\/H06b3b5e05f8a41af9cd62cffd2dfbc8f7-1536x1536.avif\" class=\"attachment-1536x1536 size-1536x1536 wp-image-2288\" alt=\"\" srcset=\"https:\/\/maujservices.com\/wp-content\/uploads\/2025\/10\/H06b3b5e05f8a41af9cd62cffd2dfbc8f7-1536x1536.avif 1536w, https:\/\/maujservices.com\/wp-content\/uploads\/2025\/10\/H06b3b5e05f8a41af9cd62cffd2dfbc8f7-300x300.avif 300w, https:\/\/maujservices.com\/wp-content\/uploads\/2025\/10\/H06b3b5e05f8a41af9cd62cffd2dfbc8f7-1024x1024.avif 1024w, https:\/\/maujservices.com\/wp-content\/uploads\/2025\/10\/H06b3b5e05f8a41af9cd62cffd2dfbc8f7-150x150.avif 150w, https:\/\/maujservices.com\/wp-content\/uploads\/2025\/10\/H06b3b5e05f8a41af9cd62cffd2dfbc8f7-768x768.avif 768w, https:\/\/maujservices.com\/wp-content\/uploads\/2025\/10\/H06b3b5e05f8a41af9cd62cffd2dfbc8f7-2048x2048.avif 2048w, https:\/\/maujservices.com\/wp-content\/uploads\/2025\/10\/H06b3b5e05f8a41af9cd62cffd2dfbc8f7-600x600.avif 600w, https:\/\/maujservices.com\/wp-content\/uploads\/2025\/10\/H06b3b5e05f8a41af9cd62cffd2dfbc8f7-100x100.avif 100w, https:\/\/maujservices.com\/wp-content\/uploads\/2025\/10\/H06b3b5e05f8a41af9cd62cffd2dfbc8f7-48x48.avif 48w\" sizes=\"(max-width: 1536px) 100vw, 1536px\" \/>\t\t\t\t\t\t\t\t\t\t\t\t\t\t\t<\/div>\n\t\t\t\t<\/div>\n\t\t\t\t\t<\/div>\n\t\t<\/div>\n\t\t\t\t\t<\/div>\n\t\t<\/section>\n\t\t\t\t<section class=\"elementor-section elementor-top-section elementor-element elementor-element-5a9a7ef elementor-section-content-middle elementor-reverse-mobile elementor-section-boxed elementor-section-height-default elementor-section-height-default\" data-id=\"5a9a7ef\" data-element_type=\"section\" data-e-type=\"section\">\n\t\t\t\t\t\t<div class=\"elementor-container elementor-column-gap-narrow\">\n\t\t\t\t\t<div class=\"elementor-column elementor-col-50 elementor-top-column elementor-element elementor-element-4882538\" data-id=\"4882538\" data-element_type=\"column\" data-e-type=\"column\">\n\t\t\t<div class=\"elementor-widget-wrap elementor-element-populated\">\n\t\t\t\t\t\t<div class=\"elementor-element elementor-element-7dea228 elementor-widget__width-initial elementor-widget elementor-widget-text-editor\" data-id=\"7dea228\" data-element_type=\"widget\" data-e-type=\"widget\" data-widget_type=\"text-editor.default\">\n\t\t\t\t<div class=\"elementor-widget-container\">\n\t\t\t\t\t\t\t\t\t<ul><li><h3 data-start=\"198\" data-end=\"233\">Nos gammes de produits Jetour<\/h3><p data-start=\"235\" data-end=\"419\">Nous proposons une <strong data-start=\"254\" data-end=\"301\">s\u00e9lection compl\u00e8te de pi\u00e8ces et accessoires<\/strong> pour votre v\u00e9hicule, class\u00e9e par grandes cat\u00e9gories pour vous aider \u00e0 trouver facilement ce dont vous avez besoin :<\/p><ol data-start=\"421\" data-end=\"1743\"><li data-start=\"421\" data-end=\"537\"><p data-start=\"424\" data-end=\"537\"><strong data-start=\"424\" data-end=\"437\">\u00c9clairage<\/strong> : phares, feux de jour, feux arri\u00e8re, antibrouillard et clignotants pour une visibilit\u00e9 optimale.<\/p><\/li><li data-start=\"538\" data-end=\"682\"><p data-start=\"541\" data-end=\"682\"><strong data-start=\"541\" data-end=\"576\">Pare-chocs et \u00e9l\u00e9ments associ\u00e9s<\/strong> : pare-chocs avant et arri\u00e8re, garnitures, supports et coins pour prot\u00e9ger et restaurer votre v\u00e9hicule.<\/p><\/li><li data-start=\"683\" data-end=\"807\"><p data-start=\"686\" data-end=\"807\"><strong data-start=\"686\" data-end=\"712\">Calandres et a\u00e9rations<\/strong> : calandres, grilles et \u00e9changeurs thermiques pour un style et un refroidissement efficaces.<\/p><\/li><li data-start=\"808\" data-end=\"929\"><p data-start=\"811\" data-end=\"929\"><strong data-start=\"811\" data-end=\"835\">Portes et garnitures<\/strong> : porti\u00e8res, r\u00e9troviseurs, poign\u00e9es et garnitures pour un confort et une finition parfaite.<\/p><\/li><li data-start=\"930\" data-end=\"1053\"><p data-start=\"933\" data-end=\"1053\"><strong data-start=\"933\" data-end=\"959\">Carrosserie principale<\/strong> : capot, hayon, ailes, toit, bas de caisse et spoilers pour l\u2019apparence et l\u2019a\u00e9rodynamisme.<\/p><\/li><li data-start=\"1054\" data-end=\"1190\"><p data-start=\"1057\" data-end=\"1190\"><strong data-start=\"1057\" data-end=\"1082\">Vitres et protections<\/strong> : pare-brise, vitres lat\u00e9rales, essuie-glaces, d\u00e9flecteurs et pare-soleil pour la s\u00e9curit\u00e9 et le confort.<\/p><\/li><li data-start=\"1191\" data-end=\"1320\"><p data-start=\"1194\" data-end=\"1320\"><strong data-start=\"1194\" data-end=\"1221\">Suspension et direction<\/strong> : bras de suspension, rotules, biellettes et amortisseurs pour une conduite stable et s\u00e9curis\u00e9e.<\/p><\/li><li data-start=\"1321\" data-end=\"1456\"><p data-start=\"1324\" data-end=\"1456\"><strong data-start=\"1324\" data-end=\"1345\">Freinage et roues<\/strong> : disques, plaquettes, moyeux, roulements, jantes et pneus pour un freinage efficace et un roulement fluide.<\/p><\/li><li data-start=\"1457\" data-end=\"1611\"><p data-start=\"1460\" data-end=\"1611\"><strong data-start=\"1460\" data-end=\"1484\">Moteur et filtration<\/strong> : filtres \u00e0 air, \u00e0 huile et \u00e0 carburant, bougies, radiateurs, ventilateurs et condensateurs pour des performances optimales.<\/p><\/li><li data-start=\"1612\" data-end=\"1743\"><p data-start=\"1616\" data-end=\"1743\"><strong data-start=\"1616\" data-end=\"1638\">Accessoires divers<\/strong> : serrures, antennes, logos, barres de toit et supports pour personnaliser et prot\u00e9ger votre v\u00e9hicule.<\/p><\/li><\/ol><p data-start=\"1745\" data-end=\"2003\">Toutes nos pi\u00e8ces sont <strong data-start=\"1768\" data-end=\"1810\">100 % compatibles et certifi\u00e9es Jetour<\/strong>, garantissant qualit\u00e9, s\u00e9curit\u00e9 et fiabilit\u00e9. Que vous soyez particulier ou professionnel, nous vous accompagnons pour <strong data-start=\"1930\" data-end=\"2000\">entretenir, r\u00e9parer et am\u00e9liorer votre v\u00e9hicule en toute confiance<\/strong>.<\/p><p data-start=\"2005\" data-end=\"2073\"><strong data-start=\"2005\" data-end=\"2071\">Roulez plus loin, plus s\u00fbr \u2014 avec des pi\u00e8ces d\u2019origine Jetour.<\/strong><\/p><\/li><\/ul>\t\t\t\t\t\t\t\t<\/div>\n\t\t\t\t<\/div>\n\t\t\t\t\t<\/div>\n\t\t<\/div>\n\t\t\t\t<div class=\"elementor-column elementor-col-50 elementor-top-column elementor-element elementor-element-c5265f9\" data-id=\"c5265f9\" data-element_type=\"column\" data-e-type=\"column\">\n\t\t\t<div class=\"elementor-widget-wrap elementor-element-populated\">\n\t\t\t\t\t\t<div class=\"elementor-element elementor-element-300f2f1 elementor-widget__width-initial elementor-widget elementor-widget-image\" data-id=\"300f2f1\" data-element_type=\"widget\" data-e-type=\"widget\" data-widget_type=\"image.default\">\n\t\t\t\t<div class=\"elementor-widget-container\">\n\t\t\t\t\t\t\t\t\t\t\t\t\t\t\t<img decoding=\"async\" width=\"640\" height=\"640\" src=\"https:\/\/maujservices.com\/wp-content\/uploads\/2025\/10\/For-JETOUR-T2-Auto-Parts-Original-Accessories-Bumper-Front-Headlights-Rear-Taillights-Rearview-Mirror-JETOUR-Traveler-768x768.avif\" class=\"attachment-medium_large size-medium_large wp-image-2287\" alt=\"\" srcset=\"https:\/\/maujservices.com\/wp-content\/uploads\/2025\/10\/For-JETOUR-T2-Auto-Parts-Original-Accessories-Bumper-Front-Headlights-Rear-Taillights-Rearview-Mirror-JETOUR-Traveler-768x768.avif 768w, https:\/\/maujservices.com\/wp-content\/uploads\/2025\/10\/For-JETOUR-T2-Auto-Parts-Original-Accessories-Bumper-Front-Headlights-Rear-Taillights-Rearview-Mirror-JETOUR-Traveler-300x300.avif 300w, https:\/\/maujservices.com\/wp-content\/uploads\/2025\/10\/For-JETOUR-T2-Auto-Parts-Original-Accessories-Bumper-Front-Headlights-Rear-Taillights-Rearview-Mirror-JETOUR-Traveler-1024x1024.avif 1024w, https:\/\/maujservices.com\/wp-content\/uploads\/2025\/10\/For-JETOUR-T2-Auto-Parts-Original-Accessories-Bumper-Front-Headlights-Rear-Taillights-Rearview-Mirror-JETOUR-Traveler-150x150.avif 150w, https:\/\/maujservices.com\/wp-content\/uploads\/2025\/10\/For-JETOUR-T2-Auto-Parts-Original-Accessories-Bumper-Front-Headlights-Rear-Taillights-Rearview-Mirror-JETOUR-Traveler-1536x1536.avif 1536w, https:\/\/maujservices.com\/wp-content\/uploads\/2025\/10\/For-JETOUR-T2-Auto-Parts-Original-Accessories-Bumper-Front-Headlights-Rear-Taillights-Rearview-Mirror-JETOUR-Traveler-2048x2048.avif 2048w, https:\/\/maujservices.com\/wp-content\/uploads\/2025\/10\/For-JETOUR-T2-Auto-Parts-Original-Accessories-Bumper-Front-Headlights-Rear-Taillights-Rearview-Mirror-JETOUR-Traveler-600x600.avif 600w, https:\/\/maujservices.com\/wp-content\/uploads\/2025\/10\/For-JETOUR-T2-Auto-Parts-Original-Accessories-Bumper-Front-Headlights-Rear-Taillights-Rearview-Mirror-JETOUR-Traveler-100x100.avif 100w, https:\/\/maujservices.com\/wp-content\/uploads\/2025\/10\/For-JETOUR-T2-Auto-Parts-Original-Accessories-Bumper-Front-Headlights-Rear-Taillights-Rearview-Mirror-JETOUR-Traveler-48x48.avif 48w\" sizes=\"(max-width: 640px) 100vw, 640px\" \/>\t\t\t\t\t\t\t\t\t\t\t\t\t\t\t<\/div>\n\t\t\t\t<\/div>\n\t\t\t\t\t<\/div>\n\t\t<\/div>\n\t\t\t\t\t<\/div>\n\t\t<\/section>\n\t\t\t\t<section class=\"elementor-section elementor-top-section elementor-element elementor-element-89e7029 elementor-section-boxed elementor-section-height-default elementor-section-height-default\" data-id=\"89e7029\" data-element_type=\"section\" data-e-type=\"section\">\n\t\t\t\t\t\t<div class=\"elementor-container elementor-column-gap-default\">\n\t\t\t\t\t<div class=\"elementor-column elementor-col-100 elementor-top-column elementor-element elementor-element-92f1faa\" data-id=\"92f1faa\" data-element_type=\"column\" data-e-type=\"column\">\n\t\t\t<div class=\"elementor-widget-wrap elementor-element-populated\">\n\t\t\t\t\t\t<section class=\"elementor-section elementor-inner-section elementor-element elementor-element-7b1e409 elementor-section-boxed elementor-section-height-default elementor-section-height-default\" data-id=\"7b1e409\" data-element_type=\"section\" data-e-type=\"section\" data-settings=\"{&quot;background_background&quot;:&quot;classic&quot;}\">\n\t\t\t\t\t\t<div class=\"elementor-container elementor-column-gap-default\">\n\t\t\t\t\t<div class=\"elementor-column elementor-col-25 elementor-inner-column elementor-element elementor-element-98da0e8\" data-id=\"98da0e8\" data-element_type=\"column\" data-e-type=\"column\" data-settings=\"{&quot;background_background&quot;:&quot;classic&quot;}\">\n\t\t\t<div class=\"elementor-widget-wrap elementor-element-populated\">\n\t\t\t\t\t\t<div class=\"elementor-element elementor-element-ee0c381 elementor-widget elementor-widget-spacer\" data-id=\"ee0c381\" data-element_type=\"widget\" data-e-type=\"widget\" data-widget_type=\"spacer.default\">\n\t\t\t\t<div class=\"elementor-widget-container\">\n\t\t\t\t\t\t\t<div class=\"elementor-spacer\">\n\t\t\t<div class=\"elementor-spacer-inner\"><\/div>\n\t\t<\/div>\n\t\t\t\t\t\t<\/div>\n\t\t\t\t<\/div>\n\t\t\t\t<div class=\"elementor-element elementor-element-0fc5b0f elementor-position-inline-start elementor-view-default elementor-mobile-position-block-start elementor-widget elementor-widget-icon-box\" data-id=\"0fc5b0f\" data-element_type=\"widget\" data-e-type=\"widget\" data-widget_type=\"icon-box.default\">\n\t\t\t\t<div class=\"elementor-widget-container\">\n\t\t\t\t\t\t\t<div class=\"elementor-icon-box-wrapper\">\n\n\t\t\t\t\t\t<div class=\"elementor-icon-box-icon\">\n\t\t\t\t<span  class=\"elementor-icon\">\n\t\t\t\t<i aria-hidden=\"true\" class=\"fas fa-shipping-fast\"><\/i>\t\t\t\t<\/span>\n\t\t\t<\/div>\n\t\t\t\n\t\t\t\t\t\t<div class=\"elementor-icon-box-content\">\n\n\t\t\t\t\t\t\t\t\t<h3 class=\"elementor-icon-box-title\">\n\t\t\t\t\t\t<span  >\n\t\t\t\t\t\t\tLivraison possible\t\t\t\t\t\t<\/span>\n\t\t\t\t\t<\/h3>\n\t\t\t\t\n\t\t\t\t\t\t\t\t\t<p class=\"elementor-icon-box-description\">\n\t\t\t\t\t\tDans Brazzaville \n\t\t\t\t\t<\/p>\n\t\t\t\t\n\t\t\t<\/div>\n\t\t\t\n\t\t<\/div>\n\t\t\t\t\t\t<\/div>\n\t\t\t\t<\/div>\n\t\t\t\t<div class=\"elementor-element elementor-element-4623374 elementor-widget elementor-widget-spacer\" data-id=\"4623374\" data-element_type=\"widget\" data-e-type=\"widget\" data-widget_type=\"spacer.default\">\n\t\t\t\t<div class=\"elementor-widget-container\">\n\t\t\t\t\t\t\t<div class=\"elementor-spacer\">\n\t\t\t<div class=\"elementor-spacer-inner\"><\/div>\n\t\t<\/div>\n\t\t\t\t\t\t<\/div>\n\t\t\t\t<\/div>\n\t\t\t\t\t<\/div>\n\t\t<\/div>\n\t\t\t\t<div class=\"elementor-column elementor-col-25 elementor-inner-column elementor-element elementor-element-4f38e00\" data-id=\"4f38e00\" data-element_type=\"column\" data-e-type=\"column\">\n\t\t\t<div class=\"elementor-widget-wrap elementor-element-populated\">\n\t\t\t\t\t\t<div class=\"elementor-element elementor-element-67c2f4d elementor-widget elementor-widget-spacer\" data-id=\"67c2f4d\" data-element_type=\"widget\" data-e-type=\"widget\" data-widget_type=\"spacer.default\">\n\t\t\t\t<div class=\"elementor-widget-container\">\n\t\t\t\t\t\t\t<div class=\"elementor-spacer\">\n\t\t\t<div class=\"elementor-spacer-inner\"><\/div>\n\t\t<\/div>\n\t\t\t\t\t\t<\/div>\n\t\t\t\t<\/div>\n\t\t\t\t<div class=\"elementor-element elementor-element-892e174 elementor-position-inline-start elementor-view-default elementor-mobile-position-block-start elementor-widget elementor-widget-icon-box\" data-id=\"892e174\" data-element_type=\"widget\" data-e-type=\"widget\" data-widget_type=\"icon-box.default\">\n\t\t\t\t<div class=\"elementor-widget-container\">\n\t\t\t\t\t\t\t<div class=\"elementor-icon-box-wrapper\">\n\n\t\t\t\t\t\t<div class=\"elementor-icon-box-icon\">\n\t\t\t\t<span  class=\"elementor-icon\">\n\t\t\t\t<i aria-hidden=\"true\" class=\"fas fa-shopping-bag\"><\/i>\t\t\t\t<\/span>\n\t\t\t<\/div>\n\t\t\t\n\t\t\t\t\t\t<div class=\"elementor-icon-box-content\">\n\n\t\t\t\t\t\t\t\t\t<h3 class=\"elementor-icon-box-title\">\n\t\t\t\t\t\t<span  >\n\t\t\t\t\t\t\tAcheter la qualit\u00e9\t\t\t\t\t\t<\/span>\n\t\t\t\t\t<\/h3>\n\t\t\t\t\n\t\t\t\t\t\t\t\t\t<p class=\"elementor-icon-box-description\">\n\t\t\t\t\t\tUn choix de qualit\u00e9s \t\t\t\t\t<\/p>\n\t\t\t\t\n\t\t\t<\/div>\n\t\t\t\n\t\t<\/div>\n\t\t\t\t\t\t<\/div>\n\t\t\t\t<\/div>\n\t\t\t\t<div class=\"elementor-element elementor-element-c7fe945 elementor-widget elementor-widget-spacer\" data-id=\"c7fe945\" data-element_type=\"widget\" data-e-type=\"widget\" data-widget_type=\"spacer.default\">\n\t\t\t\t<div class=\"elementor-widget-container\">\n\t\t\t\t\t\t\t<div class=\"elementor-spacer\">\n\t\t\t<div class=\"elementor-spacer-inner\"><\/div>\n\t\t<\/div>\n\t\t\t\t\t\t<\/div>\n\t\t\t\t<\/div>\n\t\t\t\t\t<\/div>\n\t\t<\/div>\n\t\t\t\t<div class=\"elementor-column elementor-col-25 elementor-inner-column elementor-element elementor-element-9c6333a\" data-id=\"9c6333a\" data-element_type=\"column\" data-e-type=\"column\">\n\t\t\t<div class=\"elementor-widget-wrap elementor-element-populated\">\n\t\t\t\t\t\t<div class=\"elementor-element elementor-element-07e5bcb elementor-widget elementor-widget-spacer\" data-id=\"07e5bcb\" data-element_type=\"widget\" data-e-type=\"widget\" data-widget_type=\"spacer.default\">\n\t\t\t\t<div class=\"elementor-widget-container\">\n\t\t\t\t\t\t\t<div class=\"elementor-spacer\">\n\t\t\t<div class=\"elementor-spacer-inner\"><\/div>\n\t\t<\/div>\n\t\t\t\t\t\t<\/div>\n\t\t\t\t<\/div>\n\t\t\t\t<div class=\"elementor-element elementor-element-7bf223c elementor-position-inline-start elementor-view-default elementor-mobile-position-block-start elementor-widget elementor-widget-icon-box\" data-id=\"7bf223c\" data-element_type=\"widget\" data-e-type=\"widget\" data-widget_type=\"icon-box.default\">\n\t\t\t\t<div class=\"elementor-widget-container\">\n\t\t\t\t\t\t\t<div class=\"elementor-icon-box-wrapper\">\n\n\t\t\t\t\t\t<div class=\"elementor-icon-box-icon\">\n\t\t\t\t<span  class=\"elementor-icon\">\n\t\t\t\t<i aria-hidden=\"true\" class=\"fas fa-headset\"><\/i>\t\t\t\t<\/span>\n\t\t\t<\/div>\n\t\t\t\n\t\t\t\t\t\t<div class=\"elementor-icon-box-content\">\n\n\t\t\t\t\t\t\t\t\t<h3 class=\"elementor-icon-box-title\">\n\t\t\t\t\t\t<span  >\n\t\t\t\t\t\t\tAssistance\t\t\t\t\t\t<\/span>\n\t\t\t\t\t<\/h3>\n\t\t\t\t\n\t\t\t\t\t\t\t\t\t<p class=\"elementor-icon-box-description\">\n\t\t\t\t\t\tUn service apr\u00e8s-vente id\u00e9al \t\t\t\t\t<\/p>\n\t\t\t\t\n\t\t\t<\/div>\n\t\t\t\n\t\t<\/div>\n\t\t\t\t\t\t<\/div>\n\t\t\t\t<\/div>\n\t\t\t\t<div class=\"elementor-element elementor-element-8cf5e9e elementor-widget elementor-widget-spacer\" data-id=\"8cf5e9e\" data-element_type=\"widget\" data-e-type=\"widget\" data-widget_type=\"spacer.default\">\n\t\t\t\t<div class=\"elementor-widget-container\">\n\t\t\t\t\t\t\t<div class=\"elementor-spacer\">\n\t\t\t<div class=\"elementor-spacer-inner\"><\/div>\n\t\t<\/div>\n\t\t\t\t\t\t<\/div>\n\t\t\t\t<\/div>\n\t\t\t\t\t<\/div>\n\t\t<\/div>\n\t\t\t\t<div class=\"elementor-column elementor-col-25 elementor-inner-column elementor-element elementor-element-5969455\" data-id=\"5969455\" data-element_type=\"column\" data-e-type=\"column\">\n\t\t\t<div class=\"elementor-widget-wrap elementor-element-populated\">\n\t\t\t\t\t\t<div class=\"elementor-element elementor-element-3e304bd elementor-widget elementor-widget-spacer\" data-id=\"3e304bd\" data-element_type=\"widget\" data-e-type=\"widget\" data-widget_type=\"spacer.default\">\n\t\t\t\t<div class=\"elementor-widget-container\">\n\t\t\t\t\t\t\t<div class=\"elementor-spacer\">\n\t\t\t<div class=\"elementor-spacer-inner\"><\/div>\n\t\t<\/div>\n\t\t\t\t\t\t<\/div>\n\t\t\t\t<\/div>\n\t\t\t\t<div class=\"elementor-element elementor-element-eb1f071 elementor-position-inline-start elementor-view-default elementor-mobile-position-block-start elementor-widget elementor-widget-icon-box\" data-id=\"eb1f071\" data-element_type=\"widget\" data-e-type=\"widget\" data-widget_type=\"icon-box.default\">\n\t\t\t\t<div class=\"elementor-widget-container\">\n\t\t\t\t\t\t\t<div class=\"elementor-icon-box-wrapper\">\n\n\t\t\t\t\t\t<div class=\"elementor-icon-box-icon\">\n\t\t\t\t<span  class=\"elementor-icon\">\n\t\t\t\t<i aria-hidden=\"true\" class=\"fas fa-lock\"><\/i>\t\t\t\t<\/span>\n\t\t\t<\/div>\n\t\t\t\n\t\t\t\t\t\t<div class=\"elementor-icon-box-content\">\n\n\t\t\t\t\t\t\t\t\t<h3 class=\"elementor-icon-box-title\">\n\t\t\t\t\t\t<span  >\n\t\t\t\t\t\t\tAchats s\u00e9curis\u00e9s\t\t\t\t\t\t<\/span>\n\t\t\t\t\t<\/h3>\n\t\t\t\t\n\t\t\t\t\t\t\t\t\t<p class=\"elementor-icon-box-description\">\n\t\t\t\t\t\t100% s\u00fbr\t\t\t\t\t<\/p>\n\t\t\t\t\n\t\t\t<\/div>\n\t\t\t\n\t\t<\/div>\n\t\t\t\t\t\t<\/div>\n\t\t\t\t<\/div>\n\t\t\t\t<div class=\"elementor-element elementor-element-04e569a elementor-widget elementor-widget-spacer\" data-id=\"04e569a\" data-element_type=\"widget\" data-e-type=\"widget\" data-widget_type=\"spacer.default\">\n\t\t\t\t<div class=\"elementor-widget-container\">\n\t\t\t\t\t\t\t<div class=\"elementor-spacer\">\n\t\t\t<div class=\"elementor-spacer-inner\"><\/div>\n\t\t<\/div>\n\t\t\t\t\t\t<\/div>\n\t\t\t\t<\/div>\n\t\t\t\t\t<\/div>\n\t\t<\/div>\n\t\t\t\t\t<\/div>\n\t\t<\/section>\n\t\t\t\t\t<\/div>\n\t\t<\/div>\n\t\t\t\t\t<\/div>\n\t\t<\/section>\n\t\t\t\t<\/div>\n\t\t","protected":false},"excerpt":{"rendered":"<p>Des pi\u00e8ces Jetour pour une performance durable Chez nous, la mobilit\u00e9 rime avec s\u00e9curit\u00e9, fiabilit\u00e9 et excellence m\u00e9canique.Nous proposons une large s\u00e9lection de pi\u00e8ces d\u00e9tach\u00e9es et accessoires d\u2019origine Jetour, soigneusement s\u00e9lectionn\u00e9es pour garantir la performance, la durabilit\u00e9 et la s\u00e9curit\u00e9 de votre v\u00e9hicule. Nos gammes de produits Jetour Nous proposons une s\u00e9lection compl\u00e8te de pi\u00e8ces &hellip;<\/p>\n<p class=\"read-more\"> <a class=\" thunk-readmore button \" href=\"https:\/\/maujservices.com\/index.php\/mauj-security\/\"> <span class=\"screen-reader-text\">V\u00e9hicules &amp; Pi\u00e8ces d\u00e9tach\u00e9es<\/span>Read More<\/a><\/p>\n","protected":false},"author":1,"featured_media":0,"parent":0,"menu_order":0,"comment_status":"closed","ping_status":"closed","template":"","meta":{"_eb_attr":"","footnotes":""},"class_list":["post-1697","page","type-page","status-publish","hentry","thunk-woo-product-list","th-shop-mania-woo-hover-","open-single-product-tab-horizontal","open-shadow-","open-shadow-hover-"],"_hostinger_reach_plugin_has_subscription_block":false,"_hostinger_reach_plugin_is_elementor":false,"_links":{"self":[{"href":"https:\/\/maujservices.com\/index.php\/wp-json\/wp\/v2\/pages\/1697","targetHints":{"allow":["GET"]}}],"collection":[{"href":"https:\/\/maujservices.com\/index.php\/wp-json\/wp\/v2\/pages"}],"about":[{"href":"https:\/\/maujservices.com\/index.php\/wp-json\/wp\/v2\/types\/page"}],"author":[{"embeddable":true,"href":"https:\/\/maujservices.com\/index.php\/wp-json\/wp\/v2\/users\/1"}],"replies":[{"embeddable":true,"href":"https:\/\/maujservices.com\/index.php\/wp-json\/wp\/v2\/comments?post=1697"}],"version-history":[{"count":81,"href":"https:\/\/maujservices.com\/index.php\/wp-json\/wp\/v2\/pages\/1697\/revisions"}],"predecessor-version":[{"id":2415,"href":"https:\/\/maujservices.com\/index.php\/wp-json\/wp\/v2\/pages\/1697\/revisions\/2415"}],"wp:attachment":[{"href":"https:\/\/maujservices.com\/index.php\/wp-json\/wp\/v2\/media?parent=1697"}],"curies":[{"name":"wp","href":"https:\/\/api.w.org\/{rel}","templated":true}]}}