{"id":1917,"date":"2024-04-16T09:26:36","date_gmt":"2024-04-16T09:26:36","guid":{"rendered":"https:\/\/maujservices.com\/?post_type=product&#038;p=1917"},"modified":"2024-04-16T09:31:44","modified_gmt":"2024-04-16T09:31:44","slug":"oeufs-de-caille","status":"publish","type":"product","link":"https:\/\/maujservices.com\/index.php\/product\/oeufs-de-caille\/","title":{"rendered":"Oeufs de caille"},"content":{"rendered":"<p>Les \u0153ufs de cailles riches en prot\u00e9ines, en vitamines, en min\u00e9raux, en fer et en phosphores, ils sont bons pour la croissance, la solidit\u00e9 des os, le cerveau et m\u00eame pour le syst\u00e8me nerveux. L\u2019\u0153uf de caille est \u00e9galement reconnu pour ses vertus dans le domaine des allergies. Les propri\u00e9t\u00e9s th\u00e9rapeutiques de l\u2019\u0153uf de caille sont vastes.<\/p>\n","protected":false},"excerpt":{"rendered":"<p>Vente d&rsquo;\u0153ufs frais en gros.<\/p>\n","protected":false},"featured_media":1918,"comment_status":"open","ping_status":"closed","template":"","meta":{"_eb_attr":""},"product_brand":[],"product_cat":[15],"product_tag":[],"class_list":{"0":"post-1917","1":"product","2":"type-product","3":"status-publish","4":"has-post-thumbnail","6":"product_cat-uncategorized","7":"thunk-woo-product-list","8":"th-shop-mania-woo-hover-","9":"open-single-product-tab-horizontal","10":"open-shadow-","11":"open-shadow-hover-","13":"first","14":"instock","15":"shipping-taxable","16":"purchasable","17":"product-type-simple"},"_links":{"self":[{"href":"https:\/\/maujservices.com\/index.php\/wp-json\/wp\/v2\/product\/1917","targetHints":{"allow":["GET"]}}],"collection":[{"href":"https:\/\/maujservices.com\/index.php\/wp-json\/wp\/v2\/product"}],"about":[{"href":"https:\/\/maujservices.com\/index.php\/wp-json\/wp\/v2\/types\/product"}],"replies":[{"embeddable":true,"href":"https:\/\/maujservices.com\/index.php\/wp-json\/wp\/v2\/comments?post=1917"}],"version-history":[{"count":1,"href":"https:\/\/maujservices.com\/index.php\/wp-json\/wp\/v2\/product\/1917\/revisions"}],"predecessor-version":[{"id":1919,"href":"https:\/\/maujservices.com\/index.php\/wp-json\/wp\/v2\/product\/1917\/revisions\/1919"}],"wp:featuredmedia":[{"embeddable":true,"href":"https:\/\/maujservices.com\/index.php\/wp-json\/wp\/v2\/media\/1918"}],"wp:attachment":[{"href":"https:\/\/maujservices.com\/index.php\/wp-json\/wp\/v2\/media?parent=1917"}],"wp:term":[{"taxonomy":"product_brand","embeddable":true,"href":"https:\/\/maujservices.com\/index.php\/wp-json\/wp\/v2\/product_brand?post=1917"},{"taxonomy":"product_cat","embeddable":true,"href":"https:\/\/maujservices.com\/index.php\/wp-json\/wp\/v2\/product_cat?post=1917"},{"taxonomy":"product_tag","embeddable":true,"href":"https:\/\/maujservices.com\/index.php\/wp-json\/wp\/v2\/product_tag?post=1917"}],"curies":[{"name":"wp","href":"https:\/\/api.w.org\/{rel}","templated":true}]}}